961
What is -24a1 (base 12) in base 9?
-5624
Convert 5909 (base 14) to base 2.
11110010000101
22 (base 9) to base 8
24
What is -1231012 (base 4) in base 14?
-278a
-1011001011 (base 2) to base 11
-5a0
Convert -4012 (base 5) to base 3.
-200210
Convert -2041 (base 5) to base 4.
-10033
What is -10100000 (base 3) in base 11?
-190a
What is 13b (base 16) in base 15?
160
Convert 9645 (base 13) to base 2.
101000101101100
-ec4 (base 15) to base 10
-3334
What is -220322 (base 6) in base 16?
-475a
What is 43 (base 6) in base 5?
102
Convert 666a (base 13) to base 16.
37cc
What is 285a (base 14) in base 6?
53012
-100001010001111 (base 2) to base 10
-17039
What is -101000010000000 (base 2) in base 6?
-235224
What is -21411 (base 6) in base 9?
-4047
-10011000000 (base 2) to base 13
-727
What is 22101121 (base 3) in base 15?
1c2d
Convert 55178 (base 9) to base 15.
aca2
What is 2220202201 (base 3) in base 12?
29291
Convert -226a (base 11) to base 15.
-d3a
Convert -403 (base 14) to base 16.
-313
Convert -57c (base 13) to base 15.
-433
-731 (base 16) to base 5
-24331
Convert -a960 (base 12) to base 15.
-57d3
Convert 89962 (base 10) to base 11.
61654
What is 4ca8 (base 13) in base 7?
43636
-4199 (base 11) to base 4
-1112301
Convert 2610 (base 13) to base 8.
12455
Convert 23211 (base 9) to base 15.
48c1
Convert 211 (base 6) to base 2.
1001111
What is -14403 (base 9) in base 2?
-10011001001100
Convert -3059 (base 11) to base 5.
-112212
What is -20202 (base 3) in base 6?
-502
What is 153 (base 16) in base 6?
1323
Convert 2875 (base 11) to base 10.
3712
Convert 192 (base 14) to base 3.
110000
-9aa (base 16) to base 13
-1184
Convert 806 (base 10) to base 11.
673
What is -1333022 (base 4) in base 16?
-1fca
-8549 (base 16) to base 2
-1000010101001001
What is -346 (base 11) in base 12?
-2a5
3ba0 (base 13) to base 11
64a0
Convert 3001 (base 5) to base 13.
22c
215 (base 15) to base 11
398
What is 2b97 (base 12) in base 2?
1010000100011
-20010011 (base 3) to base 8
-10553
298 (base 14) to base 2
1000001110
What is 67dd (base 16) in base 5?
1322324
Convert -11234 (base 6) to base 8.
-3106
20 (base 11) to base 4
112
What is -6024 (base 11) in base 8?
-17514
What is -4102 (base 5) in base 6?
-2235
What is -227 (base 12) in base 9?
-384
Convert 301131 (base 4) to base 13.
1596
Convert 777 (base 9) to base 7.
1600
-1036 (base 10) to base 12
-724
-5720 (base 8) to base 11
-22aa
2153 (base 8) to base 10
1131
What is b27 (base 13) in base 14?
992
-77 (base 14) to base 4
-1221
Convert 120201 (base 4) to base 14.
801
What is -32465 (base 8) in base 2?
-11010100110101
What is 17131 (base 8) in base 11?
5923
Convert -34b (base 13) to base 7.
-1443
Convert -14278 (base 10) to base 12.
-831a
Convert -895 (base 13) to base 4.
-113002
What is 1172 (base 8) in base 12?
44a
Convert -42044 (base 5) to base 8.
-5326
What is 79a5 (base 15) in base 9?
38352
What is -13454 (base 7) in base 2?
-111001010001
Convert -296 (base 14) to base 10.
-524
Convert -2350 (base 8) to base 2.
-10011101000
Convert 35350 (base 7) to base 5.
242400
Convert -27b (base 12) to base 15.
-1a8
Convert 5 (base 15) to base 6.
5
Convert -111233 (base 4) to base 2.
-10101101111
Convert -10555 (base 7) to base 15.
-be1
Convert -130310 (base 5) to base 8.
-11730
Convert 1422 (base 6) to base 16.
176
What is -10001010110 (base 2) in base 13?
-675
10413 (base 6) to base 7
4140
-337 (base 15) to base 13
-43c
What is 224 (base 14) in base 16?
1a8
What is 110001011 (base 3) in base 6?
104351
Convert -296 (base 10) to base 7.
-602
Convert 32063 (base 8) to base 5.
411423
Convert -d831 (base 14) to base 9.
-56125
What is -11a80 (base 11) in base 6?
-211542
What is -12040 (base 7) in base 14?
-11c7
a25 (base 12) to base 2
10110111101
Convert 150044 (base 7) to base 6.
341312
Convert -1517 (base 10) to base 11.
-115a
Convert 20026 (base 7) to base 13.
226c
What is -68575 (base 9) in base 2?
-1011001001100111
-1f6a (base 16) to base 2
-1111101101010
Convert -b6 (base 13) to base 14.
-a9
-5450 (base 7) to base 2
-11110011010
221203 (base 5) to base 8
16776
36153 (base 9) to base 7
130341
What is -7a1d (base 14) in base 8?
-51313
Convert -161 (base 15) to base 6.
-1244
Convert 11110221 (base 3) to base 4.
303001
20221 (base 4) to base 3
202111
Convert 10102220 (base 3) to base 8.
4714
-10121 (base 3) to base 4
-1201
Convert 5977 (base 12) to base 2.
10011100101011
4670 (base 13) to base 10
9893
102de (base 15) to base 3
2121100102
Convert -720 (base 10) to base 12.
-500
-3558 (base 12) to base 14
-2268
What is 129 (base 10) in base 8?
201
What is 22546 (base 8) in base 14?
36bc
Convert -297 (base 16) to base 2.
-1010010111
-e396 (base 16) to base 2
-1110001110010110
Convert 614 (base 7) to base 3.
102022
What is 1aa (base 14) in base 2?
101011010
Convert 11100 (base 10) to base 15.
3450
What is 463b (base 12) in base 13?
373a
-16dc (base 16) to base 9
-8022
What is -21c7 (base 13) in base 7?
-16531
What is -220220210 (base 3) in base 2?
-100011011110101
-4651 (base 8) to base 6
-15241
Convert 43d (base 14) to base 8.
1507
What is 11456 (base 7) in base 9?
4072
13ba (base 12) to base 11
1803
What is 1442310 (base 5) in base 3?
1120110111
Convert -1c0 (base 15) to base 16.
-195
1015 (base 12) to base 9
2348
Convert 10100111010100 (base 2) to base 5.
320313
Convert -54120 (base 6) to base 14.
-29a0
What is 302420 (base 5) in base 2?
10011000000111
What is 240203 (base 7) in base 4?
22210313
24d6 (base 15) to base 5
222401
-4424 (base 7) to base 6
-11202
Convert 519a (base 12) to base 15.
2987
What is 1d9a (base 16) in base 15?
23a3
34845 (base 9) to base 6
255452
Convert -1223440 (base 5) to base 14.
-8872
Convert b7e (base 15) to base 10.
2594
What is -13222 (base 11) in base 14?
-6c60
-858 (base 10) to base 4
-31122
What is 579a9 (base 11) in base 14?
2272a
What is -2928 (base 11) in base 15?
-11c1
Convert -31c3 (base 13) to base 15.
-20b4
-457 (base 13) to base 15
-34d
What is 66463 (base 8) in base 9?
42311
-485 (base 12) to base 14
-365
What is -403425 (base 6) in base 13?
-116ab
Convert 9e (base 16) to base 5.
1113
Convert -16c8 (base 13) to base 14.
-1331
What is 3c6 (base 13) in base 15?
2e9
What is 113 (base 10) in base 9?
135
-110220 (base 3) to base 14
-1ac
-11001101010 (base 2) to base 12
-b4a
What is 2828 (base 10) in base 9?
3782
1636 (base 7) to base 15
2e4
What is 101010000010011 (base 2) in base 3?
1002112011
Convert 12002200 (base 3) to base 4.
322011
4783 (base 9) to base 7
13242
12102202 (base 3) to base 8
7572
-20193 (base 13) to base 3
-2220202100
What is -1101101 (base 2) in base 7?
-214
Convert 32614 (base 7) to base 9.
12214
4601 (base 7) to base 9
2252
What is 1316 (base 11) in base 2?
11010101111
Convert -2016 (base 8) to base 4.
-100032
20351 (base 6) to base 11
2063
Convert -dc (base 15) to base 9.
-250
Convert -1bfe (base 16) to base 9.
-10742
Convert 19338 (base 11) to base 16.
6990
Convert 162 (base 11) to base 12.
139
What is -b19 (base 14) in base 9?
-2881
What is -3052 (base 8) in base 4?
-120222
What is -5396 (base 12) in base 15?
-2ac6
13111200 (base 4) to base 6
351040
122001 (base 3) to base 6
2044
540 (base 15) to base 4
102201
Convert 287 (base 9) to base 11.
1aa
1011021 (base 3) to base 4
31030
Convert 442 (base 7) to base 12.
16a
Convert -3450 (base 11) to base 15.
-1522
40266 (base 8) to base 12
9706
What is 202045 (base 6) in base 3?
210222002
-a9a9 (base 14) to base 10
-29353
Convert -1732 (base 12) to base 11.
-20a2
Convert -620 (base 8) to base 6.
-1504
Convert -30ee (base 16) to base 15.
-3aa1
-54501 (base 6) to base 10
-7525
What is 490 (base 13) in base 14?
409
2035 (base 8) to base 3
1110000
What is -1643 (base 10) in base 4?
-121223
What is 1a19 (base 13) in base 5?
111114
What is 402041 (base 5) in base 6?
135043
Convert -1b5d (base 15) to base 10.
-5938
What is 510 (base 12) in base 7?
2064
-41345 (base 8) to base 12
-9ab1
Convert -1359 (base 11) to base 12.
-1026
Convert 6901 (base 10) to base 15.
20a1
What is -13403 (base 5) in base 13?
-66b
What is 2e92 (base 15) in base 3?
111202202
What is 4252 (base 8) in base 16?
8aa
What is 122240 (base 5) in base 16?
1257
What is -11003110 (base 4) in base 11?
-14601
What is 239a9 (base 12) in base 15?
e3a6
Convert -11110110 (base 2) to ba